n factor of 350 and 222532142?
14
What is the greatest common divisor of 12408959 and 93?
31
Calculate the greatest common factor of 276 and 34043496.
276
What is the greatest common divisor of 31533 and 50928537?
1371
What is the greatest common factor of 412944 and 12384?
48
Calculate the highest common factor of 37790 and 49127.
3779
Calculate the greatest common factor of 13573 and 7127764.
1939
Calculate the greatest common factor of 25879216 and 22672.
1744
Calculate the highest common factor of 143538 and 14240802.
3054
What is the highest common divisor of 13406956 and 288128?
9004
Calculate the highest common divisor of 255493 and 1895801.
2147
What is the greatest common factor of 3584 and 12868912?
112
What is the highest common factor of 512 and 184112288?
32
Calculate the highest common divisor of 3299053 and 51.
1
What is the greatest common factor of 110719536 and 5928?
456
Calculate the greatest common factor of 29547 and 7839.
603
Calculate the greatest common divisor of 661942778 and 28.
14
Calculate the highest common factor of 4504577 and 1881.
209
Calculate the highest common divisor of 2859656 and 592.
296
What is the highest common factor of 35572570 and 66?
22
What is the greatest common factor of 1800 and 32945480?
40
Calculate the highest common divisor of 17219923 and 63.
7
Calculate the highest common divisor of 4272 and 256587.
267
Calculate the greatest common divisor of 15312 and 771342.
1914
Calculate the highest common divisor of 81955303 and 4323.
131
What is the highest common factor of 37240 and 2992120?
760
Calculate the highest common divisor of 12379100 and 1300.
100
What is the highest common factor of 185 and 152400?
5
What is the highest common factor of 28706 and 159867?
31
Calculate the highest common divisor of 200143805 and 170.
85
What is the greatest common factor of 533 and 16562442?
533
What is the highest common factor of 45 and 5668749?
9
Calculate the greatest common divisor of 137 and 13218719.
137
What is the greatest common divisor of 5986 and 19993158?
82
Calculate the highest common factor of 62456599 and 155.
31
Calculate the highest common factor of 26468909 and 261.
29
What is the greatest common factor of 651847 and 1696?
53
Calculate the highest common divisor of 331410 and 93960.
30
Calculate the highest common divisor of 216 and 511193448.
72
What is the greatest common divisor of 387 and 28579671?
9
What is the greatest common factor of 1885 and 1484600?
65
What is the highest common divisor of 3066690 and 20?
10
What is the highest common divisor of 852 and 40834230?
426
What is the greatest common factor of 261510 and 68003970?
11370
What is the highest common divisor of 371117712 and 3?
3
Calculate the greatest common factor of 16265556 and 108.
108
Calculate the greatest common factor of 13720190 and 1856.
58
Calculate the highest common factor of 152429728 and 32736.
10912
Calculate the greatest common factor of 2031 and 425435601.
2031
What is the greatest common factor of 3290369 and 4814?
2407
What is the greatest common factor of 20 and 40386650?
10
Calculate the highest common factor of 62646572 and 8740.
1748
What is the highest common divisor of 49301951 and 86?
43
What is the greatest common divisor of 1107372 and 2016?
84
What is the greatest common divisor of 102 and 264322902?
102
What is the highest common divisor of 690 and 6135825?
345
Calculate the highest common divisor of 305694 and 3564.
162
Calculate the highest common divisor of 1412115 and 346155.
705
What is the greatest common factor of 49776 and 2806000?
976
What is the greatest common divisor of 8079539 and 39?
13
Calculate the highest common divisor of 11126207 and 215.
43
Calculate the highest common divisor of 73 and 190375386.
73
What is the highest common divisor of 225 and 4755?
15
Calculate the greatest common divisor of 349951854 and 402.
402
What is the greatest common factor of 41100 and 888450?
150
What is the highest common factor of 57 and 146947064?
19
What is the greatest common factor of 21 and 4597041?
3
What is the greatest common factor of 1094 and 406144?
2
What is the highest common divisor of 43362 and 34749?
297
What is the greatest common divisor of 7453463 and 578?
17
What is the greatest common divisor of 11522269 and 176?
11
What is the highest common factor of 63 and 103135221?
63
Calculate the highest common factor of 130042 and 66493.
23
Calculate the greatest common divisor of 8719266 and 438.
438
Calculate the greatest common factor of 3107 and 1961951.
239
Calculate the highest common factor of 725 and 313229900.
25
What is the highest common divisor of 555701197 and 4638?
773
Calculate the highest common divisor of 2029322724 and 1378.
1378
Calculate the highest common divisor of 775 and 295115.
5
Calculate the highest common divisor of 13328965 and 3055.
3055
What is the highest common factor of 280 and 57700216?
56
What is the greatest common factor of 3 and 151696140?
3
Calculate the highest common factor of 675498 and 39.
3
What is the greatest common divisor of 12701430 and 1050?
210
What is the greatest common divisor of 17341446 and 30?
6
What is the greatest common divisor of 3107400 and 77550?
150
Calculate the greatest common factor of 273 and 5623149.
21
Calculate the highest common factor of 237747304 and 23883.
7961
What is the highest common divisor of 2464738 and 382210?
2066
Calculate the highest common factor of 13472334 and 90.
18
Calculate the highest common factor of 66 and 23643213.
33
Calculate the greatest common divisor of 6174 and 458175627.
3087
What is the highest common factor of 157 and 79571525?
157
What is the highest common factor of 4886401 and 24661?
3523
Calculate the greatest common factor of 6 and 75164.
2
What is the greatest common factor of 347504 and 49136?
592
Calculate the highest common divisor of 337355 and 95.
5
Calculate the greatest common divisor of 30933165 and 105.
15
What is the greatest common factor of 123945334 and 15572?
7786
What is the highest common divisor of 18 and 2093589?
9
What is the greatest common divisor of 5742418 and 154?
22
Calculate the greatest common divisor of 2124 and 9409084.
236
What is the highest common factor of 136357 and 84643?
221
What is the highest common factor of 86 and 301231598?
86
Calculate the highest common divisor of 839290704 and 1281.
1281
Calculate the highest common divisor of 180176 and 5072.
16
Calculate the highest common factor of 913360 and 2160.
80
What is the highest common factor of 144071936 and 256?
256
What is the greatest common divisor of 9920 and 33853550?
310
What is the greatest common divisor of 18605692 and 6860?
1372
What is the highest common divisor of 43785802 and 8?
2
Calculate the highest common divisor of 107216004 and 10521.
3507
Calculate the highest common factor of 364 and 9922402.
14
Calculate the greatest common divisor of 150 and 44244725.
25
What is the greatest common factor of 2034702 and 5634?
18
Calculate the greatest common factor of 690 and 58311210.
690
Calculate the greatest common divisor of 60864 and 151680.
192
Calculate the highest common factor of 10996642 and 7048.
1762
What is the greatest common divisor of 896 and 82304?
128
What is the greatest common factor of 765 and 18418395?
255
What is the greatest common divisor of 11456 and 4276?
4
Calculate the highest common divisor of 561528 and 6512.
88
Calculate the greatest common divisor of 7231 and 905912.
7
What is the highest common divisor of 408 and 2247400?
136
What is the highest common factor of 30385301 and 6351?
2117
Calculate the highest common factor of 20447 and 2426201.
23
Calculate the greatest common factor of 10545196 and 2892.
964
What is the greatest common factor of 54017 and 1577?
19
Calculate the highest common divisor of 329073 and 257702.
479
What is the highest common factor of 168 and 203792?
8
What is the greatest common factor of 10026 and 924111?
9
Calculate the greatest common divisor of 1669899 and 308.
77
What is the greatest common factor of 24127744 and 768?
256
Calculate the greatest common factor of 1716 and 46388199.
429
Calculate the greatest common factor of 1210 and 5127133.
121
What is the highest common divisor of 69215 and 479